{"id":6078,"date":"2017-11-28T23:20:17","date_gmt":"2017-11-28T22:20:17","guid":{"rendered":"http:\/\/jumelage.org\/francais\/?page_id=6078"},"modified":"2019-09-12T17:06:18","modified_gmt":"2019-09-12T15:06:18","slug":"9-11","status":"publish","type":"page","link":"http:\/\/jumelage.org\/francais\/evenements\/9-11\/","title":{"rendered":"9\/11"},"content":{"rendered":"<div id=\"pl-6078\"  class=\"panel-layout\" ><div id=\"pg-6078-0\"  class=\"panel-grid panel-has-style\" ><div style=\"padding: 0px 0; \" data-overlay=\"true\" data-overlay-color=\"#000000\" class=\"panel-row-style panel-row-style-for-6078-0\" ><div id=\"pgc-6078-0-0\"  class=\"panel-grid-cell panel-grid-cell-empty\" ><\/div><div id=\"pgc-6078-0-1\"  class=\"panel-grid-cell panel-grid-cell-mobile-last\" ><div id=\"panel-6078-0-1-0\" class=\"so-panel widget widget_sow-editor panel-first-child panel-last-child\" data-index=\"0\" ><div style=\"text-align: center;\" data-title-color=\"#443f3f\" data-headings-color=\"#443f3f\" class=\"panel-widget-style panel-widget-style-for-6078-0-1-0\" ><div\n\t\t\t\n\t\t\tclass=\"so-widget-sow-editor so-widget-sow-editor-base\"\n\t\t\t\n\t\t>\n<div class=\"siteorigin-widget-tinymce textwidget\">\n\t<p style=\"text-align: center;\"><strong><em>En cette veille .... 246 personnes se sont endormies pour pr\u00e9parer leur vol du matin. 2.606 personnes se sont endormies pour se pr\u00e9parer au travail le matin. 343 pompiers se sont endormis en pr\u00e9vision de leur quart de travail du matin. 60 policiers se sont endormis pour se pr\u00e9parer \u00e0 la patrouille du matin. 8 ambulanciers param\u00e9dicaux se sont endormis pour se pr\u00e9parer au quart du matin.<\/em><\/strong><\/p>\n<p style=\"text-align: center;\"><strong><em>Aucun d'entre eux n'a vu le 11 septembre 2001 au-del\u00e0 de de 10 h 03.<\/em><\/strong><\/p>\n<\/div>\n<\/div><\/div><\/div><\/div><div id=\"pgc-6078-0-2\"  class=\"panel-grid-cell panel-grid-cell-empty\" ><\/div><\/div><\/div><div id=\"pg-6078-1\"  class=\"panel-grid panel-has-style\" ><div style=\"padding: 50px 0; \" data-overlay=\"true\" data-overlay-color=\"#000000\" class=\"panel-row-style panel-row-style-for-6078-1\" ><div id=\"pgc-6078-1-0\"  class=\"panel-grid-cell\" ><div id=\"panel-6078-1-0-0\" class=\"so-panel widget widget_sow-image panel-first-child panel-last-child\" data-index=\"1\" ><div style=\"text-align: left;\" data-title-color=\"#443f3f\" data-headings-color=\"#443f3f\" class=\"panel-widget-style panel-widget-style-for-6078-1-0-0\" ><div\n\t\t\t\n\t\t\tclass=\"so-widget-sow-image so-widget-sow-image-default-8b5b6f678277-6078\"\n\t\t\t\n\t\t>\n<div class=\"sow-image-container\">\n\t\t<img \n\tsrc=\"https:\/\/jumelage.org\/francais\/wp-content\/uploads\/2017\/11\/9-11-d.jpg\" width=\"1920\" height=\"1822\" srcset=\"https:\/\/jumelage.org\/francais\/wp-content\/uploads\/2017\/11\/9-11-d.jpg 1920w, https:\/\/jumelage.org\/francais\/wp-content\/uploads\/2017\/11\/9-11-d-300x285.jpg 300w, https:\/\/jumelage.org\/francais\/wp-content\/uploads\/2017\/11\/9-11-d-768x729.jpg 768w, https:\/\/jumelage.org\/francais\/wp-content\/uploads\/2017\/11\/9-11-d-1024x972.jpg 1024w, https:\/\/jumelage.org\/francais\/wp-content\/uploads\/2017\/11\/9-11-d-830x787.jpg 830w, https:\/\/jumelage.org\/francais\/wp-content\/uploads\/2017\/11\/9-11-d-230x218.jpg 230w, https:\/\/jumelage.org\/francais\/wp-content\/uploads\/2017\/11\/9-11-d-350x332.jpg 350w, https:\/\/jumelage.org\/francais\/wp-content\/uploads\/2017\/11\/9-11-d-480x455.jpg 480w\" sizes=\"(max-width: 1920px) 100vw, 1920px\" title=\"9 &#8211; 11 d\" alt=\"\" \t\tclass=\"so-widget-image\"\/>\n\t<\/div>\n\n<\/div><\/div><\/div><\/div><div id=\"pgc-6078-1-1\"  class=\"panel-grid-cell\" ><div id=\"panel-6078-1-1-0\" class=\"so-panel widget widget_sow-editor panel-first-child panel-last-child\" data-index=\"2\" ><div style=\"text-align: left;\" data-title-color=\"#443f3f\" data-headings-color=\"#443f3f\" class=\"panel-widget-style panel-widget-style-for-6078-1-1-0\" ><div\n\t\t\t\n\t\t\tclass=\"so-widget-sow-editor so-widget-sow-editor-base\"\n\t\t\t\n\t\t>\n<div class=\"siteorigin-widget-tinymce textwidget\">\n\t<p style=\"text-align: center;\"><strong><span style=\"font-size: 24px;\"><span style=\"color: #ff0000;\">Jack Roll<\/span><\/span><\/strong><\/p>\n<p style=\"text-align: center;\"><span style=\"font-family: georgia, palatino, serif;\">Pr\u00e9sident am\u00e9ricain du Jumelage \u00e0 Winchester\u00a0<span style=\"font-size: 14px;\"><em> (12 sep) \u00a0\u00a0 \u00a0\u00a0 \u00a0\u00a0 \u00a0\u00a0 \u00a0\u00a0 <\/em><\/span><\/span><span style=\"font-family: georgia, palatino, serif;\"><strong><a href=\"http:\/\/jumelage.org\/francais\/wp-content\/uploads\/2017\/11\/12-11-Jack-Roll-1.pdf\" target=\"_blank\" rel=\"noopener\"><em><span style=\"color: #008000;\">Lire ....<\/span><\/em><\/a><\/strong><\/span><\/p>\n<p style=\"text-align: center;\"><span style=\"font-size: 24px; color: #ff0000;\"><strong>Colette Jaccard<\/strong><\/span><\/p>\n<p style=\"text-align: center;\">Chairman of the Board of TRAC\u00a0 (Telecommunications and Research and Action Center) <span style=\"font-size: 14px;\"><em>(02 oct) \u00a0\u00a0 \u00a0\u00a0 \u00a0\u00a0 \u00a0\u00a0 <\/em><\/span><a href=\"http:\/\/jumelage.org\/francais\/wp-content\/uploads\/2017\/11\/5-10-Colette-Jaccard.pdf\" target=\"_blank\" rel=\"noopener\"><em><strong><span style=\"color: #008000;\">Lire ....<\/span><\/strong><\/em><\/a><\/p>\n<\/div>\n<\/div><\/div><\/div><\/div><div id=\"pgc-6078-1-2\"  class=\"panel-grid-cell\" ><div id=\"panel-6078-1-2-0\" class=\"so-panel widget widget_sow-image panel-first-child panel-last-child\" data-index=\"3\" ><div style=\"text-align: left;\" data-title-color=\"#443f3f\" data-headings-color=\"#443f3f\" class=\"panel-widget-style panel-widget-style-for-6078-1-2-0\" ><div\n\t\t\t\n\t\t\tclass=\"so-widget-sow-image so-widget-sow-image-default-8b5b6f678277-6078\"\n\t\t\t\n\t\t>\n<div class=\"sow-image-container\">\n\t\t<img \n\tsrc=\"https:\/\/jumelage.org\/francais\/wp-content\/uploads\/2017\/11\/9-11-f-1.jpg\" width=\"1914\" height=\"1196\" srcset=\"https:\/\/jumelage.org\/francais\/wp-content\/uploads\/2017\/11\/9-11-f-1.jpg 1914w, https:\/\/jumelage.org\/francais\/wp-content\/uploads\/2017\/11\/9-11-f-1-300x187.jpg 300w, https:\/\/jumelage.org\/francais\/wp-content\/uploads\/2017\/11\/9-11-f-1-768x480.jpg 768w, https:\/\/jumelage.org\/francais\/wp-content\/uploads\/2017\/11\/9-11-f-1-1024x640.jpg 1024w, https:\/\/jumelage.org\/francais\/wp-content\/uploads\/2017\/11\/9-11-f-1-830x519.jpg 830w, https:\/\/jumelage.org\/francais\/wp-content\/uploads\/2017\/11\/9-11-f-1-230x144.jpg 230w, https:\/\/jumelage.org\/francais\/wp-content\/uploads\/2017\/11\/9-11-f-1-350x219.jpg 350w, https:\/\/jumelage.org\/francais\/wp-content\/uploads\/2017\/11\/9-11-f-1-480x300.jpg 480w\" sizes=\"(max-width: 1914px) 100vw, 1914px\" title=\"9 &#8211; 11 f\" alt=\"\" \t\tclass=\"so-widget-image\"\/>\n\t<\/div>\n\n<\/div><\/div><\/div><\/div><\/div><\/div><\/div>","protected":false},"excerpt":{"rendered":"<p>En cette veille &#8230;. 246 personnes se sont endormies pour pr\u00e9parer leur vol du matin. 2.606 personnes se sont endormies pour se pr\u00e9parer au travail [&hellip;]<\/p>\n","protected":false},"author":1,"featured_media":0,"parent":1114,"menu_order":0,"comment_status":"closed","ping_status":"closed","template":"page-templates\/page_fullwidth.php","meta":{"two_page_speed":[],"footnotes":""},"class_list":["post-6078","page","type-page","status-publish","hentry"],"yoast_head":"<!-- This site is optimized with the Yoast SEO plugin v27.4 - https:\/\/yoast.com\/product\/yoast-seo-wordpress\/ -->\n<title>9\/11 Jumelage<\/title>\n<meta name=\"robots\" content=\"index, follow, max-snippet:-1, max-image-preview:large, max-video-preview:-1\" \/>\n<link rel=\"canonical\" href=\"http:\/\/jumelage.org\/francais\/evenements\/9-11\/\" \/>\n<meta property=\"og:locale\" content=\"fr_FR\" \/>\n<meta property=\"og:type\" content=\"article\" \/>\n<meta property=\"og:title\" content=\"9\/11 Jumelage\" \/>\n<meta property=\"og:description\" content=\"En cette veille .... 246 personnes se sont endormies pour pr\u00e9parer leur vol du matin. 2.606 personnes se sont endormies pour se pr\u00e9parer au travail [&hellip;]\" \/>\n<meta property=\"og:url\" content=\"http:\/\/jumelage.org\/francais\/evenements\/9-11\/\" \/>\n<meta property=\"og:site_name\" content=\"Jumelage\" \/>\n<meta property=\"article:publisher\" content=\"http:\/\/www.facebook.com\/jumelagew.sgl\/\" \/>\n<meta property=\"article:modified_time\" content=\"2019-09-12T15:06:18+00:00\" \/>\n<meta name=\"twitter:card\" content=\"summary_large_image\" \/>\n<meta name=\"twitter:label1\" content=\"Dur\u00e9e de lecture estim\u00e9e\" \/>\n\t<meta name=\"twitter:data1\" content=\"1 minute\" \/>\n<script type=\"application\/ld+json\" class=\"yoast-schema-graph\">{\"@context\":\"https:\\\/\\\/schema.org\",\"@graph\":[{\"@type\":\"WebPage\",\"@id\":\"http:\\\/\\\/jumelage.org\\\/francais\\\/evenements\\\/9-11\\\/\",\"url\":\"http:\\\/\\\/jumelage.org\\\/francais\\\/evenements\\\/9-11\\\/\",\"name\":\"9\\\/11 Jumelage\",\"isPartOf\":{\"@id\":\"https:\\\/\\\/jumelage.org\\\/francais\\\/#website\"},\"datePublished\":\"2017-11-28T22:20:17+00:00\",\"dateModified\":\"2019-09-12T15:06:18+00:00\",\"breadcrumb\":{\"@id\":\"http:\\\/\\\/jumelage.org\\\/francais\\\/evenements\\\/9-11\\\/#breadcrumb\"},\"inLanguage\":\"fr-FR\",\"potentialAction\":[{\"@type\":\"ReadAction\",\"target\":[\"http:\\\/\\\/jumelage.org\\\/francais\\\/evenements\\\/9-11\\\/\"]}]},{\"@type\":\"BreadcrumbList\",\"@id\":\"http:\\\/\\\/jumelage.org\\\/francais\\\/evenements\\\/9-11\\\/#breadcrumb\",\"itemListElement\":[{\"@type\":\"ListItem\",\"position\":1,\"name\":\"Accueil\",\"item\":\"https:\\\/\\\/jumelage.org\\\/francais\\\/\"},{\"@type\":\"ListItem\",\"position\":2,\"name\":\"Ev\u00e8nements\",\"item\":\"http:\\\/\\\/jumelage.org\\\/francais\\\/evenements\\\/\"},{\"@type\":\"ListItem\",\"position\":3,\"name\":\"9\\\/11\"}]},{\"@type\":\"WebSite\",\"@id\":\"https:\\\/\\\/jumelage.org\\\/francais\\\/#website\",\"url\":\"https:\\\/\\\/jumelage.org\\\/francais\\\/\",\"name\":\"Jumelage\",\"description\":\"Saint-Germain-en-Laye &amp; Winchester (MA)\",\"potentialAction\":[{\"@type\":\"SearchAction\",\"target\":{\"@type\":\"EntryPoint\",\"urlTemplate\":\"https:\\\/\\\/jumelage.org\\\/francais\\\/?s={search_term_string}\"},\"query-input\":{\"@type\":\"PropertyValueSpecification\",\"valueRequired\":true,\"valueName\":\"search_term_string\"}}],\"inLanguage\":\"fr-FR\"}]}<\/script>\n<!-- \/ Yoast SEO plugin. -->","yoast_head_json":{"title":"9\/11 Jumelage","robots":{"index":"index","follow":"follow","max-snippet":"max-snippet:-1","max-image-preview":"max-image-preview:large","max-video-preview":"max-video-preview:-1"},"canonical":"http:\/\/jumelage.org\/francais\/evenements\/9-11\/","og_locale":"fr_FR","og_type":"article","og_title":"9\/11 Jumelage","og_description":"En cette veille .... 246 personnes se sont endormies pour pr\u00e9parer leur vol du matin. 2.606 personnes se sont endormies pour se pr\u00e9parer au travail [&hellip;]","og_url":"http:\/\/jumelage.org\/francais\/evenements\/9-11\/","og_site_name":"Jumelage","article_publisher":"http:\/\/www.facebook.com\/jumelagew.sgl\/","article_modified_time":"2019-09-12T15:06:18+00:00","twitter_card":"summary_large_image","twitter_misc":{"Dur\u00e9e de lecture estim\u00e9e":"1 minute"},"schema":{"@context":"https:\/\/schema.org","@graph":[{"@type":"WebPage","@id":"http:\/\/jumelage.org\/francais\/evenements\/9-11\/","url":"http:\/\/jumelage.org\/francais\/evenements\/9-11\/","name":"9\/11 Jumelage","isPartOf":{"@id":"https:\/\/jumelage.org\/francais\/#website"},"datePublished":"2017-11-28T22:20:17+00:00","dateModified":"2019-09-12T15:06:18+00:00","breadcrumb":{"@id":"http:\/\/jumelage.org\/francais\/evenements\/9-11\/#breadcrumb"},"inLanguage":"fr-FR","potentialAction":[{"@type":"ReadAction","target":["http:\/\/jumelage.org\/francais\/evenements\/9-11\/"]}]},{"@type":"BreadcrumbList","@id":"http:\/\/jumelage.org\/francais\/evenements\/9-11\/#breadcrumb","itemListElement":[{"@type":"ListItem","position":1,"name":"Accueil","item":"https:\/\/jumelage.org\/francais\/"},{"@type":"ListItem","position":2,"name":"Ev\u00e8nements","item":"http:\/\/jumelage.org\/francais\/evenements\/"},{"@type":"ListItem","position":3,"name":"9\/11"}]},{"@type":"WebSite","@id":"https:\/\/jumelage.org\/francais\/#website","url":"https:\/\/jumelage.org\/francais\/","name":"Jumelage","description":"Saint-Germain-en-Laye &amp; Winchester (MA)","potentialAction":[{"@type":"SearchAction","target":{"@type":"EntryPoint","urlTemplate":"https:\/\/jumelage.org\/francais\/?s={search_term_string}"},"query-input":{"@type":"PropertyValueSpecification","valueRequired":true,"valueName":"search_term_string"}}],"inLanguage":"fr-FR"}]}},"_links":{"self":[{"href":"http:\/\/jumelage.org\/francais\/wp-json\/wp\/v2\/pages\/6078","targetHints":{"allow":["GET"]}}],"collection":[{"href":"http:\/\/jumelage.org\/francais\/wp-json\/wp\/v2\/pages"}],"about":[{"href":"http:\/\/jumelage.org\/francais\/wp-json\/wp\/v2\/types\/page"}],"author":[{"embeddable":true,"href":"http:\/\/jumelage.org\/francais\/wp-json\/wp\/v2\/users\/1"}],"replies":[{"embeddable":true,"href":"http:\/\/jumelage.org\/francais\/wp-json\/wp\/v2\/comments?post=6078"}],"version-history":[{"count":0,"href":"http:\/\/jumelage.org\/francais\/wp-json\/wp\/v2\/pages\/6078\/revisions"}],"up":[{"embeddable":true,"href":"http:\/\/jumelage.org\/francais\/wp-json\/wp\/v2\/pages\/1114"}],"wp:attachment":[{"href":"http:\/\/jumelage.org\/francais\/wp-json\/wp\/v2\/media?parent=6078"}],"curies":[{"name":"wp","href":"https:\/\/api.w.org\/{rel}","templated":true}]}}