{"id":27143,"date":"2020-09-27T19:02:16","date_gmt":"2020-09-27T17:02:16","guid":{"rendered":"http:\/\/jumelage.org\/francais\/?page_id=27143"},"modified":"2020-09-27T22:17:01","modified_gmt":"2020-09-27T20:17:01","slug":"pacanier-allocutions","status":"publish","type":"page","link":"http:\/\/jumelage.org\/francais\/evenements\/pacanier-allocutions\/","title":{"rendered":"Pacanier &#8211; Allocutions"},"content":{"rendered":"<div id=\"pl-27143\"  class=\"panel-layout\" ><div id=\"pg-27143-0\"  class=\"panel-grid panel-has-style\" ><div style=\"padding: 0px 0; \" data-overlay=\"true\" data-overlay-color=\"#000000\" class=\"panel-row-style panel-row-style-for-27143-0\" ><div id=\"pgc-27143-0-0\"  class=\"panel-grid-cell\" ><div id=\"panel-27143-0-0-0\" class=\"so-panel widget widget_sow-editor panel-first-child\" data-index=\"0\" ><div style=\"text-align: left;\" data-title-color=\"#443f3f\" data-headings-color=\"#443f3f\" class=\"panel-widget-style panel-widget-style-for-27143-0-0-0\" ><div\n\t\t\t\n\t\t\tclass=\"so-widget-sow-editor so-widget-sow-editor-base\"\n\t\t\t\n\t\t>\n<div class=\"siteorigin-widget-tinymce textwidget\">\n\t<p style=\"text-align: center;\"><strong>Allocution de Madame Caroline Gorse-Combalat, pr\u00e9sidente de l\u2019association du Jumelage.<\/strong><\/p>\n<p style=\"text-align: justify;\">Madame la s\u00e9natrice,<br \/>\nMonsieur le Directeur du Mus\u00e9e d\u2019arch\u00e9ologie nationale,<br \/>\nMonsieur le Maire,<br \/>\nMesdames et messieurs les \u00e9lus,<br \/>\nMonsieur le Pr\u00e9sident de l\u2019association des Pacaniers de Jefferson,<br \/>\nChers amis,<\/p>\n<p style=\"text-indent: 35.4pt; text-align: justify;\">Quelle joie de nous retrouver aujourd\u2019hui pour c\u00e9l\u00e9brer les 30 ans d\u2019amiti\u00e9 entre les villes de Saint-Germain-en-Laye et Winchester au Massachusetts.<\/p>\n<p style=\"text-align: justify;\">Une d\u00e9l\u00e9gation de Winchester aurait d\u00fb \u00eatre parmi nous aujourd\u2019hui. Sa pr\u00e9sidente, Annette Lanigan, m\u2019a envoy\u00e9e quelques lignes que j\u2019ai int\u00e9gr\u00e9 dans mes remarques afin de parler d\u2019une seule voix.<\/p>\n<p style=\"text-align: justify;\">Un jumelage c\u2019est un lien permanent de circulation d\u2019id\u00e9es.<\/p>\n<p style=\"text-align: justify;\">Depuis 1990, date de la signature du Protocole d\u2019amiti\u00e9 entre nos deux villes, ensemble, nous avons mont\u00e9 un \u00e9change de jeunes \u00e9tudiants pour leur faire d\u00e9couvrir une nouvelle culture, une nouvelle langue et leur permettre de nouer des relations personnelles incarn\u00e9es.<\/p>\n<p style=\"text-align: justify;\">Nous offrons \u00e0 nos membres la possibilit\u00e9 de voyager ensemble \u00e0 la d\u00e9couverte de r\u00e9gions fran\u00e7aises et am\u00e9ricaines.<\/p>\n<p style=\"text-align: justify;\">Des amiti\u00e9s durables se sont nou\u00e9es au fil du temps.<\/p>\n<p style=\"text-align: justify;\">Nous avons \u00e9galement parrain\u00e9 des \u00e9changes entre pompiers, jardiniers, responsables scolaires, joueurs de bridge, \u00e9coles de musique et chorales. Plus de 700 personnes ont partag\u00e9 leurs exp\u00e9riences.<\/p>\n<p style=\"text-align: justify;\">Ensemble, et en pr\u00e9sence d\u2019officiels, nous avons assist\u00e9 \u00e0 la c\u00e9l\u00e9bration de l'avenue de Winchester \u00e0 Saint-Germain-en-Laye et \u00e0 l'inauguration \u00e0 Winchester d\u2019un panneau de reconnaissance du jumelage entre nos deux villes.<\/p>\n<p style=\"text-align: justify;\">Nous sommes fiers de notre engagement associatif qui met \u00e0 l\u2019honneur les liens<br \/>\nind\u00e9fectibles avec les Etats-Unis.<\/p>\n<p style=\"text-align: justify;\">L\u2019id\u00e9e de planter un arbre, symbole de stabilit\u00e9 et de force, pour c\u00e9l\u00e9brer les 30 ans du jumelage est n\u00e9e d\u2019une belle rencontre avec un ing\u00e9nieur forestier, Bernard Dalisson, pr\u00e9sident de l\u2019association <em>Les pacaniers de Jefferson<\/em>.<\/p>\n<p style=\"text-align: justify;\">C\u00e9l\u00e9brer l\u2019amiti\u00e9, plus grande que nos diff\u00e9rences, inspiration pour aujourd\u2019hui et<br \/>\nexemple pour les g\u00e9n\u00e9rations \u00e0 venir, en plantant un pacanier, un arbre cher au coeur des Am\u00e9ricains, dans un lieu d\u2019exception, correspondait \u00e0 notre engagement.<\/p>\n<p style=\"text-align: justify;\">Je salue la pr\u00e9sence d\u2019\u00e9l\u00e8ves des \u00e9tablissements Saint-Augustin et Notre Dame. Sans vous et l\u2019aide de vos professeurs notre c\u00e9l\u00e9bration n\u2019aurait pas de sens car vous \u00eates nos \u00ab passeurs de m\u00e9moire \u00bb.<\/p>\n<p style=\"text-align: justify;\">Je tiens \u00e0 remercier chaleureusement Monsieur Hilaire Multon et Monsieur le Maire ainsi que leurs \u00e9quipes pour l\u2019aide pr\u00e9cieuse que vous nous avez apport\u00e9e.<\/p>\n<p style=\"text-align: justify;\">Permettez-moi de conclure en ayant une pens\u00e9e pour les pr\u00e9sidents qui m\u2019ont pr\u00e9c\u00e9d\u00e9s ainsi que toutes celles et ceux qui participent \u00e0 l\u2019animation et au rayonnement du jumelage. Sans eux nous ne serions pas pr\u00e9sents aujourd\u2019hui !<\/p>\n<p style=\"text-align: justify;\">Je terminerai par ces mots de Thomas Jefferson \u00ab <em>Pour tout homme, le premier pays est sa patrie, et le second, c'est la France<\/em> \u00bb ce qui fait de lui un des plus illustres symboles de l\u2019amiti\u00e9 franco-am\u00e9ricaine.<\/p>\n<p style=\"text-indent: 35.4pt; text-align: justify;\">Merci.<\/p>\n<p style=\"text-align: right;\">Caroline Gorse-Combalat<br \/>\nPr\u00e9sidente de l\u2019association du Jumelage<br \/>\nSaint-Germain-en-Laye\/Winchester (MA) USA<\/p>\n<\/div>\n<\/div><\/div><\/div><div id=\"panel-27143-0-0-1\" class=\"so-panel widget widget_sow-editor panel-last-child\" data-index=\"1\" ><div style=\"text-align: left;\" data-title-color=\"#443f3f\" data-headings-color=\"#443f3f\" class=\"panel-widget-style panel-widget-style-for-27143-0-0-1\" ><div\n\t\t\t\n\t\t\tclass=\"so-widget-sow-editor so-widget-sow-editor-base\"\n\t\t\t\n\t\t>\n<div class=\"siteorigin-widget-tinymce textwidget\">\n\t<p style=\"text-align: justify;\"><span style=\"color: #ffffff;\">.\u00a0\u00a0\u00a0\u00a0\u00a0\u00a0\u00a0\u00a0\u00a0<\/span> Monsieur Arnaud P\u00e9ricard, maire de Saint-Germain-en-Laye, a conclu ces deux interventions en rappelant combien les Jumelages et, en particulier, pour des raisons personnelles, celui de Winchester, \u00e9taient des structures \u00e0 maintenir, faire vivre et renforcer, car garantes de la solidarit\u00e9 et de l\u2019amiti\u00e9 entre les peuples. Il a chaleureusement remerci\u00e9 tous les acteurs des jumelages et l\u2019association des Pacaniers de Jefferson, en la personne de son pr\u00e9sident Monsieur Dallison, d\u2019avoir choisi Saint-Germain pour planter l\u2019un des pacaniers du Centenaire. Il a mentionn\u00e9 sp\u00e9cialement les \u00e9l\u00e8ves pr\u00e9sents de Saint-Augustin et Notre-Dame et leurs professeurs pour leur contribution au succ\u00e8s de cette manifestation d\u2019amiti\u00e9 entre les peuples et les a invit\u00e9s \u00e0 entretenir la m\u00e9moire de nos Histoires communes.<\/p>\n<\/div>\n<\/div><\/div><\/div><\/div><div id=\"pgc-27143-0-1\"  class=\"panel-grid-cell\" ><div id=\"panel-27143-0-1-0\" class=\"so-panel widget widget_sow-editor panel-first-child panel-last-child\" data-index=\"2\" ><div style=\"text-align: left;\" data-title-color=\"#443f3f\" data-headings-color=\"#443f3f\" class=\"panel-widget-style panel-widget-style-for-27143-0-1-0\" ><div\n\t\t\t\n\t\t\tclass=\"so-widget-sow-editor so-widget-sow-editor-base\"\n\t\t\t\n\t\t>\n<div class=\"siteorigin-widget-tinymce textwidget\">\n\t<p style=\"text-align: center;\"><strong>Allocution de Monsieur Bernard Dalisson, pr\u00e9sident de l\u2019association <em>Les pacaniers de Jefferson<\/em>.<br \/>\n<\/strong><\/p>\n<p>Monsieur le Directeur du Mus\u00e9e arch\u00e9ologique du Domaine national de St Germain en Laye,<br \/>\nMonsieur le Maire,<br \/>\nMesdames et messieurs les repr\u00e9sentants de la ville de Winchester,<br \/>\nMadame la Pr\u00e9sidente de l\u2019Association du jumelage,<\/p>\n<p style=\"text-align: justify;\"><span style=\"color: #ffffff;\">.\u00a0\u00a0\u00a0\u00a0\u00a0\u00a0\u00a0\u00a0\u00a0\u00a0\u00a0<\/span> Je vous remercie vivement d\u2019avoir accept\u00e9 de planter cet arbre dans le Parc du ch\u00e2teau pour c\u00e9l\u00e9brer l\u2019Amiti\u00e9 Franco-Am\u00e9ricaine \u00e0 l\u2019occasion des trente ans de ce lien entre Winchester et Saint Germain en Laye.<\/p>\n<p style=\"text-align: justify;\">C\u2019est ici en effet que le roi Jacques II d\u2019Angleterre fut accueilli apr\u00e8s que le Parlement anglais eut choisi, en 1688 un Prince hollandais pour Roi. Ce moment pr\u00e9cis marque un bouleversement brutal du gouvernement des soci\u00e9t\u00e9s\u00a0; \u00e0 proprement parler une r\u00e9volution\u00a0; C\u2019est ainsi que l\u2019appellent les anglais\u00a0: <strong>La bienheureuse r\u00e9volution\u00a0; <\/strong>bienheureuse en effet puisque sans qu\u2019ait \u00e9t\u00e9 vers\u00e9e de sang. A son arriv\u00e9e \u00e0 Londres, Guillaume d\u2019Orange signa, avant son couronnement le <em>Bill of Rights<\/em>, par lequel le futur roi reconnaissait que la volont\u00e9 du parlement primait celle du souverain. \u00a0Un \u00e9v\u00e9nement consid\u00e9rable pour la suite de l\u2019histoire des pays atlantiques<\/p>\n<p style=\"text-align: justify;\">Cet arbre est <strong>un geste de reconnaissance <\/strong>adress\u00e9 au peuple am\u00e9ricain en souvenir de <strong>ces volontaires<\/strong>, femmes et hommes, venus partager nos combats pour aider la France \u00e0 recouvrer sa libert\u00e9.<\/p>\n<p style=\"text-align: justify;\">Ces plantations sont destin\u00e9es \u00e0 <strong>rappeler aux g\u00e9n\u00e9rations futures <\/strong>la vitalit\u00e9 de <strong>l\u2019amiti\u00e9 franco-am\u00e9ricaine<\/strong> n\u00e9e de la participation de la France \u00e0 la Guerre d\u2019Ind\u00e9pendance am\u00e9ricaine. La Fayette en est la figure embl\u00e9matique, mais Charles de Vergennes et Benjamin Franklin, r\u00e9dacteurs du trait\u00e9 d\u2019alliance et de commerce du 6 f\u00e9vrier 1778, en furent les artisans.<\/p>\n<p style=\"text-align: justify;\">Par ce trait\u00e9, le Royaume de France reconnaissait la jeune R\u00e9publique am\u00e9ricaine, 5 ans avant qu\u2019elle soit ind\u00e9pendante. C\u2019est ce trait\u00e9 qui a fait de la France<strong> le plus ancien alli\u00e9 des Etats-Unis\u00a0<\/strong>; et c\u2019est ce sentiment commun qui a conduit \u00e0 cet \u00e9lan de g\u00e9n\u00e9rosit\u00e9 des volontaires am\u00e9ricains, venus \u00e0 nos c\u00f4t\u00e9s dans la Premi\u00e8re Guerre Mondiale, puis 25 ans plus tard d\u00e9barquer en Normandie. Ne l\u2019oublions jamais.<\/p>\n<p style=\"text-align: justify;\">\u00a0Cet arbre est d\u00e9sormais ici pour nous le rappeler et aussi aux g\u00e9n\u00e9rations futures<\/p>\n<p style=\"text-align: justify;\">L\u2019aire d\u2019origine du Pacanier couvre le bassin du Mississippi et de ses affluents, depuis la Louisiane et le Texas, jusqu\u2019\u00e0 l\u2019Illinois. Il n\u2019est pas tr\u00e8s connu ici, si ce n\u2019est par ses fruits fort appr\u00e9ci\u00e9s, les noix de p\u00e9can. On compte en France une bonne douzaine de pacaniers anciens, dont un situ\u00e9 au ch\u00e2teau Carbonnieux en Gironde, appel\u00e9 <strong>le Pacanier de Jefferson<\/strong>. Il date de la visite de Thomas Jefferson \u00e0 Bordeaux fin mai 1787. Nous en connaissons un autre plus ancien encore, en Gironde aussi, dans le village natal du p\u00e8re de Paul Revere\u00a0; un nom qu\u2019aucun citoyen am\u00e9ricain n\u2019ignore.<\/p>\n<p style=\"text-align: justify;\">C\u2019est pourquoi nous avons choisi de planter des pacaniers. Il y en aura au total 70 l\u2019an prochain, quand nous cl\u00f4turerons ce programme \u00e0 l\u2019occasion de la c\u00e9l\u00e9bration du centenaire du Conservatoire am\u00e9ricain de musique au ch\u00e2teau de Fontainebleau\u00a0; conservatoire qui a pris la suite de l\u2019Ecole militaire de musique, cr\u00e9\u00e9e en 1917 par le G\u00e9n\u00e9ral Pershing \u00e0 Chaumont o\u00f9 \u00e9tait situ\u00e9 son quartier g\u00e9n\u00e9ral.<\/p>\n<p style=\"text-align: justify;\">La place qu\u2019occupe le Pacanier dans le patrimoine culturel am\u00e9ricain permet de le consid\u00e9rer comme un embl\u00e8me national\u00a0; c\u2019est officiellement celui de l\u2019Etat du Texas depuis plus d\u2019un si\u00e8cle.<\/p>\n<p style=\"text-align: justify;\"><strong>L\u2019amiti\u00e9 franco-am\u00e9ricaine<\/strong> constitue aujourd\u2019hui <strong>un patrimoine immat\u00e9riel commun \u00e0 nos deux nations.<\/strong> Le pacanier du Ch\u00e2teau Carbonnieux, attach\u00e9 au souvenir de Thomas Jefferson, peut ainsi \u00eatre pris pour symbole de cette relation particuli\u00e8re, n\u00e9e il y a plus de 240 ans.<\/p>\n<p style=\"text-align: justify;\">Rappelons enfin que ces plantations doivent \u00eatre comprises comme un <strong>geste d\u2019amiti\u00e9 et de reconnaissance adress\u00e9 au peuple am\u00e9ricain,<\/strong> comme pr\u00e9c\u00e9demment la Statue de la Libert\u00e9 offerte par la France pour le centenaire de l\u2019Ind\u00e9pendance des Etats-Unis et qui accueillait les immigrants europ\u00e9ens dans le port de New-York, et aussi la statue \u00e9questre de Lafayette \u00e0 Paris, sur le quai de la Reine, offerte par les \u00e9coli\u00e8res am\u00e9ricaines, Filles de la R\u00e9volution.<\/p>\n<p style=\"text-align: justify;\">Cet arbre est donc ici pour <strong>rappeler<\/strong> <strong>ce que<\/strong> <strong>les sacrifices<\/strong> <strong>de nos parents<\/strong> <strong>nous ont apport\u00e9, et pour \u00eatre le t\u00e9moin vivant de nos espoirs de paix pour les g\u00e9n\u00e9rations futures. <\/strong><\/p>\n<p style=\"text-align: center;\"><strong>Longue vie aux Pacaniers de Jefferson<\/strong><\/p>\n<p style=\"text-align: center;\"><strong>Long live Jefferson\u2019s Pecan Trees<\/strong><\/p>\n<\/div>\n<\/div><\/div><\/div><\/div><\/div><\/div><\/div>","protected":false},"excerpt":{"rendered":"<p>Allocution de Madame Caroline Gorse-Combalat, pr\u00e9sidente de l\u2019association du Jumelage. Madame la s\u00e9natrice, Monsieur le Directeur du Mus\u00e9e d\u2019arch\u00e9ologie nationale, Monsieur le Maire, Mesdames et [&hellip;]<\/p>\n","protected":false},"author":1,"featured_media":0,"parent":1114,"menu_order":0,"comment_status":"closed","ping_status":"closed","template":"page-templates\/page_fullwidth.php","meta":{"two_page_speed":[],"footnotes":""},"class_list":["post-27143","page","type-page","status-publish","hentry"],"yoast_head":"<!-- This site is optimized with the Yoast SEO plugin v27.4 - https:\/\/yoast.com\/product\/yoast-seo-wordpress\/ -->\n<title>Pacanier - Allocutions Jumelage<\/title>\n<meta name=\"robots\" content=\"index, follow, max-snippet:-1, max-image-preview:large, max-video-preview:-1\" \/>\n<link rel=\"canonical\" href=\"http:\/\/jumelage.org\/francais\/evenements\/pacanier-allocutions\/\" \/>\n<meta property=\"og:locale\" content=\"fr_FR\" \/>\n<meta property=\"og:type\" content=\"article\" \/>\n<meta property=\"og:title\" content=\"Pacanier - Allocutions Jumelage\" \/>\n<meta property=\"og:description\" content=\"Allocution de Madame Caroline Gorse-Combalat, pr\u00e9sidente de l\u2019association du Jumelage. Madame la s\u00e9natrice, Monsieur le Directeur du Mus\u00e9e d\u2019arch\u00e9ologie nationale, Monsieur le Maire, Mesdames et [&hellip;]\" \/>\n<meta property=\"og:url\" content=\"http:\/\/jumelage.org\/francais\/evenements\/pacanier-allocutions\/\" \/>\n<meta property=\"og:site_name\" content=\"Jumelage\" \/>\n<meta property=\"article:publisher\" content=\"http:\/\/www.facebook.com\/jumelagew.sgl\/\" \/>\n<meta property=\"article:modified_time\" content=\"2020-09-27T20:17:01+00:00\" \/>\n<meta name=\"twitter:card\" content=\"summary_large_image\" \/>\n<meta name=\"twitter:label1\" content=\"Dur\u00e9e de lecture estim\u00e9e\" \/>\n\t<meta name=\"twitter:data1\" content=\"7 minutes\" \/>\n<script type=\"application\/ld+json\" class=\"yoast-schema-graph\">{\"@context\":\"https:\\\/\\\/schema.org\",\"@graph\":[{\"@type\":\"WebPage\",\"@id\":\"http:\\\/\\\/jumelage.org\\\/francais\\\/evenements\\\/pacanier-allocutions\\\/\",\"url\":\"http:\\\/\\\/jumelage.org\\\/francais\\\/evenements\\\/pacanier-allocutions\\\/\",\"name\":\"Pacanier - Allocutions Jumelage\",\"isPartOf\":{\"@id\":\"https:\\\/\\\/jumelage.org\\\/francais\\\/#website\"},\"datePublished\":\"2020-09-27T17:02:16+00:00\",\"dateModified\":\"2020-09-27T20:17:01+00:00\",\"breadcrumb\":{\"@id\":\"http:\\\/\\\/jumelage.org\\\/francais\\\/evenements\\\/pacanier-allocutions\\\/#breadcrumb\"},\"inLanguage\":\"fr-FR\",\"potentialAction\":[{\"@type\":\"ReadAction\",\"target\":[\"http:\\\/\\\/jumelage.org\\\/francais\\\/evenements\\\/pacanier-allocutions\\\/\"]}]},{\"@type\":\"BreadcrumbList\",\"@id\":\"http:\\\/\\\/jumelage.org\\\/francais\\\/evenements\\\/pacanier-allocutions\\\/#breadcrumb\",\"itemListElement\":[{\"@type\":\"ListItem\",\"position\":1,\"name\":\"Accueil\",\"item\":\"https:\\\/\\\/jumelage.org\\\/francais\\\/\"},{\"@type\":\"ListItem\",\"position\":2,\"name\":\"Ev\u00e8nements\",\"item\":\"http:\\\/\\\/jumelage.org\\\/francais\\\/evenements\\\/\"},{\"@type\":\"ListItem\",\"position\":3,\"name\":\"Pacanier &#8211; Allocutions\"}]},{\"@type\":\"WebSite\",\"@id\":\"https:\\\/\\\/jumelage.org\\\/francais\\\/#website\",\"url\":\"https:\\\/\\\/jumelage.org\\\/francais\\\/\",\"name\":\"Jumelage\",\"description\":\"Saint-Germain-en-Laye &amp; Winchester (MA)\",\"potentialAction\":[{\"@type\":\"SearchAction\",\"target\":{\"@type\":\"EntryPoint\",\"urlTemplate\":\"https:\\\/\\\/jumelage.org\\\/francais\\\/?s={search_term_string}\"},\"query-input\":{\"@type\":\"PropertyValueSpecification\",\"valueRequired\":true,\"valueName\":\"search_term_string\"}}],\"inLanguage\":\"fr-FR\"}]}<\/script>\n<!-- \/ Yoast SEO plugin. -->","yoast_head_json":{"title":"Pacanier - Allocutions Jumelage","robots":{"index":"index","follow":"follow","max-snippet":"max-snippet:-1","max-image-preview":"max-image-preview:large","max-video-preview":"max-video-preview:-1"},"canonical":"http:\/\/jumelage.org\/francais\/evenements\/pacanier-allocutions\/","og_locale":"fr_FR","og_type":"article","og_title":"Pacanier - Allocutions Jumelage","og_description":"Allocution de Madame Caroline Gorse-Combalat, pr\u00e9sidente de l\u2019association du Jumelage. Madame la s\u00e9natrice, Monsieur le Directeur du Mus\u00e9e d\u2019arch\u00e9ologie nationale, Monsieur le Maire, Mesdames et [&hellip;]","og_url":"http:\/\/jumelage.org\/francais\/evenements\/pacanier-allocutions\/","og_site_name":"Jumelage","article_publisher":"http:\/\/www.facebook.com\/jumelagew.sgl\/","article_modified_time":"2020-09-27T20:17:01+00:00","twitter_card":"summary_large_image","twitter_misc":{"Dur\u00e9e de lecture estim\u00e9e":"7 minutes"},"schema":{"@context":"https:\/\/schema.org","@graph":[{"@type":"WebPage","@id":"http:\/\/jumelage.org\/francais\/evenements\/pacanier-allocutions\/","url":"http:\/\/jumelage.org\/francais\/evenements\/pacanier-allocutions\/","name":"Pacanier - Allocutions Jumelage","isPartOf":{"@id":"https:\/\/jumelage.org\/francais\/#website"},"datePublished":"2020-09-27T17:02:16+00:00","dateModified":"2020-09-27T20:17:01+00:00","breadcrumb":{"@id":"http:\/\/jumelage.org\/francais\/evenements\/pacanier-allocutions\/#breadcrumb"},"inLanguage":"fr-FR","potentialAction":[{"@type":"ReadAction","target":["http:\/\/jumelage.org\/francais\/evenements\/pacanier-allocutions\/"]}]},{"@type":"BreadcrumbList","@id":"http:\/\/jumelage.org\/francais\/evenements\/pacanier-allocutions\/#breadcrumb","itemListElement":[{"@type":"ListItem","position":1,"name":"Accueil","item":"https:\/\/jumelage.org\/francais\/"},{"@type":"ListItem","position":2,"name":"Ev\u00e8nements","item":"http:\/\/jumelage.org\/francais\/evenements\/"},{"@type":"ListItem","position":3,"name":"Pacanier &#8211; Allocutions"}]},{"@type":"WebSite","@id":"https:\/\/jumelage.org\/francais\/#website","url":"https:\/\/jumelage.org\/francais\/","name":"Jumelage","description":"Saint-Germain-en-Laye &amp; Winchester (MA)","potentialAction":[{"@type":"SearchAction","target":{"@type":"EntryPoint","urlTemplate":"https:\/\/jumelage.org\/francais\/?s={search_term_string}"},"query-input":{"@type":"PropertyValueSpecification","valueRequired":true,"valueName":"search_term_string"}}],"inLanguage":"fr-FR"}]}},"_links":{"self":[{"href":"http:\/\/jumelage.org\/francais\/wp-json\/wp\/v2\/pages\/27143","targetHints":{"allow":["GET"]}}],"collection":[{"href":"http:\/\/jumelage.org\/francais\/wp-json\/wp\/v2\/pages"}],"about":[{"href":"http:\/\/jumelage.org\/francais\/wp-json\/wp\/v2\/types\/page"}],"author":[{"embeddable":true,"href":"http:\/\/jumelage.org\/francais\/wp-json\/wp\/v2\/users\/1"}],"replies":[{"embeddable":true,"href":"http:\/\/jumelage.org\/francais\/wp-json\/wp\/v2\/comments?post=27143"}],"version-history":[{"count":0,"href":"http:\/\/jumelage.org\/francais\/wp-json\/wp\/v2\/pages\/27143\/revisions"}],"up":[{"embeddable":true,"href":"http:\/\/jumelage.org\/francais\/wp-json\/wp\/v2\/pages\/1114"}],"wp:attachment":[{"href":"http:\/\/jumelage.org\/francais\/wp-json\/wp\/v2\/media?parent=27143"}],"curies":[{"name":"wp","href":"https:\/\/api.w.org\/{rel}","templated":true}]}}