{"id":10539,"date":"2018-07-11T19:56:14","date_gmt":"2018-07-11T17:56:14","guid":{"rendered":"http:\/\/jumelage.org\/francais\/?page_id=10539"},"modified":"2019-09-05T11:20:42","modified_gmt":"2019-09-05T09:20:42","slug":"stage-2018-saskia","status":"publish","type":"page","link":"http:\/\/jumelage.org\/francais\/echanges-culturels\/stage-2018-saskia\/","title":{"rendered":"Echange culturel 2018 &#8211; Saskia"},"content":{"rendered":"<div id=\"pl-10539\"  class=\"panel-layout\" ><div id=\"pg-10539-0\"  class=\"panel-grid panel-has-style\" ><div class=\"siteorigin-panels-stretch panel-row-style panel-row-style-for-10539-0\" style=\"padding: 5px 0; \" data-stretch-type=\"full-stretched\" data-overlay=\"true\" data-overlay-color=\"#000000\" ><div id=\"pgc-10539-0-0\"  class=\"panel-grid-cell panel-grid-cell-empty\" ><\/div><div id=\"pgc-10539-0-1\"  class=\"panel-grid-cell panel-grid-cell-mobile-last\" ><div id=\"panel-10539-0-1-0\" class=\"so-panel widget widget_sow-editor panel-first-child panel-last-child\" data-index=\"0\" ><div style=\"text-align: left;\" data-title-color=\"#443f3f\" data-headings-color=\"#443f3f\" class=\"panel-widget-style panel-widget-style-for-10539-0-1-0\" ><div\n\t\t\t\n\t\t\tclass=\"so-widget-sow-editor so-widget-sow-editor-base\"\n\t\t\t\n\t\t>\n<div class=\"siteorigin-widget-tinymce textwidget\">\n\t<p style=\"text-align: justify;\"><span style=\"color: #ffffff;\">. \u00a0 \u00a0 \u00a0 \u00a0 \u00a0<span style=\"color: #0000ff;\"> \u00a0<\/span><\/span><span style=\"color: #0000ff;\"> M\u00eame avant d\u2019\u00eatre venu en France, je me sentait d\u00e9j\u00e0 accueilli par l\u2019Association de jumelage. Annette et Marc ont \u00e9t\u00e9 tr\u00e8s patient et ils ont fait tout possible pour m\u2019aider, malgr\u00e9 plusieurs difficult\u00e9s. Une fois arriv\u00e9e, la famille Dumont m\u2019a accueilli tr\u00e8s chaleureusement. Gr\u00e2ce \u00e0 Eric, Isabelle, et Albane, j\u2019ai appris quelles sont les meilleurs films fran\u00e7ais, comment faire des cr\u00eapes, et que la Bretagne n\u2019est pas la m\u00eame chose que la Grande Bretagne. J\u2019ai \u00e9galement ador\u00e9e mon stage en communications \u00e0 la mairie avec Nathalie Gr\u00e9goire. En aidant \u00e0 traduire le site de la ville en anglais, j\u2019ai appris plein de choses sur l\u2019histoire, le gouvernement, et la scolarit\u00e9 de Saint-Germain-en-Laye. Nathalie m\u2019as aussi donn\u00e9e d\u2019autres responsabilit\u00e9s, notamment d\u2019aider les autres stagiaires a faire un panier de sp\u00e9cialit\u00e9s Saint-Germanoises et de faire une affiche pour quand le Tour de France va passer dans Saint-Germain-en-Laye. Je me suis beaucoup amus\u00e9e avec les gens de la mairie. Ensemble, on a fait un trombinoscope Coupe du Monde qui a \u00e9t\u00e9 publi\u00e9 dans Le Parisien, on est all\u00e9 d\u00e9jeuner dans le parc du ch\u00e2teau, on a jou\u00e9 \u00e0 la p\u00e9tanque au barbecue F\u00eate des Sports, et on a encourag\u00e9 Les Bleus pendant leurs matchs de football. Le premier weekend, j\u2019ai eu la chance de rencontrer beaucoup de membres de l\u2019Association de jumelage \u00e0 un barbecue d\u00e9licieux chez Brigitte. Le lendemain, Marc Antoine nous a racont\u00e9 l\u2019histoire des am\u00e9ricains \u00e0 Paris en nous montrant plusieurs b\u00e2timents et quartiers int\u00e9ressants, ainsi que son site web extraordinaire. Le weekend prochain, Val\u00e9rie Brelurus nous a montr\u00e9e son travail et le quartier du vieux op\u00e9ra. On a m\u00eame pu participer dans un animation pour Le Mondial 2018, la Belgique contre la Tunisie. Ensuite, on est all\u00e9 \u00e0 un autre barbecue d\u00e9licieux, cette fois chez Marc et Sylvie, o\u00f9 j\u2019ai appris davantage sur l\u2019histoire et les voyages de l\u2019organisation. Ce s\u00e9jour a \u00e9t\u00e9 aussi merveilleux gr\u00e2ce \u00e0 Brigitte et R\u00e9gine, qui m\u2019ont aid\u00e9 avec mon passe Navigo et ma carte SIM, m\u2019ont accompagn\u00e9 dans la ville, et ont partag\u00e9 leur amour pour Saint-Germain-en-Laye avec moi. Merci beaucoup \u00e0 l\u2019Association de jumelage pour cette belle exp\u00e9rience!<\/span><\/p>\n<p style=\"text-align: justify;\"><span style=\"color: #0000ff;\"><u>F\u00eate de la musique \u00e0 Saint-Germain-en-Laye<\/u><\/span><\/p>\n<p style=\"text-align: justify;\"><span style=\"color: #0000ff;\"><span style=\"color: #ffffff;\">.\u00a0\u00a0\u00a0\u00a0\u00a0\u00a0\u00a0\u00a0\u00a0\u00a0\u00a0<\/span> Le jour le plus long de l'ann\u00e9e, je suis parti en ville avec Anna, Lulu, et Amaury. On entendait la f\u00eate de la musique avant qu\u2019on la voyait: du jazz, rock, et pop venait de la centre ville. D\u2019abord, on est all\u00e9 \u00e0 La Clef pour voir la personne qui m'accueillait, Isabelle Dumont, jouer de la batterie. Elle \u00e9tait si bonne qu\u2019on ne pouvait pas s\u2019emp\u00eacher de danser. Ensuite, on s\u2019est promen\u00e9 dans les rues de Saint-Germain-en-Laye et la Place du March\u00e9-Neuf, o\u00f9 on a vu le roda capoeira et plein de musiciens. J\u2019\u00e9tais surprise pas seulement par le nombre de personnes qui \u00e9tait l\u00e0, mais aussi par la qualit\u00e9 de la musique. Apr\u00e8s \u00e7a, on est retourn\u00e9 \u00e0 La Clef pour \u00e9couter le rap fran\u00e7ais. C\u2019\u00e9tait une soir\u00e9e vraiment amusante.<\/span><\/p>\n<p style=\"text-align: center;\">\u00a0<a href=\"http:\/\/jumelage.org\/francais\/wp-content\/uploads\/2018\/07\/Saskia-Dumont-Famille-e1531331187418.jpg\" target=\"_blank\" rel=\"noopener\"><img decoding=\"async\" class=\"alignnone wp-image-10537\" src=\"http:\/\/jumelage.org\/francais\/wp-content\/uploads\/2018\/07\/Saskia-Dumont-Famille-e1531331187418.jpg\" alt=\"\" width=\"406\" height=\"541\" srcset=\"https:\/\/jumelage.org\/francais\/wp-content\/uploads\/2018\/07\/Saskia-Dumont-Famille-e1531331187418.jpg 960w, https:\/\/jumelage.org\/francais\/wp-content\/uploads\/2018\/07\/Saskia-Dumont-Famille-e1531331187418-225x300.jpg 225w, https:\/\/jumelage.org\/francais\/wp-content\/uploads\/2018\/07\/Saskia-Dumont-Famille-e1531331187418-768x1024.jpg 768w, https:\/\/jumelage.org\/francais\/wp-content\/uploads\/2018\/07\/Saskia-Dumont-Famille-e1531331187418-600x800.jpg 600w, https:\/\/jumelage.org\/francais\/wp-content\/uploads\/2018\/07\/Saskia-Dumont-Famille-e1531331187418-830x1107.jpg 830w, https:\/\/jumelage.org\/francais\/wp-content\/uploads\/2018\/07\/Saskia-Dumont-Famille-e1531331187418-230x307.jpg 230w, https:\/\/jumelage.org\/francais\/wp-content\/uploads\/2018\/07\/Saskia-Dumont-Famille-e1531331187418-350x467.jpg 350w, https:\/\/jumelage.org\/francais\/wp-content\/uploads\/2018\/07\/Saskia-Dumont-Famille-e1531331187418-480x640.jpg 480w\" sizes=\"(max-width: 406px) 100vw, 406px\" \/><\/a>\u00a0 \u00a0 \u00a0 <a href=\"http:\/\/jumelage.org\/francais\/wp-content\/uploads\/2018\/07\/Saskia-Trombinoscope.jpg\" target=\"_blank\" rel=\"noopener\"><img decoding=\"async\" class=\"alignnone wp-image-10536\" src=\"http:\/\/jumelage.org\/francais\/wp-content\/uploads\/2018\/07\/Saskia-Trombinoscope.jpg\" alt=\"\" width=\"368\" height=\"541\" srcset=\"https:\/\/jumelage.org\/francais\/wp-content\/uploads\/2018\/07\/Saskia-Trombinoscope.jpg 653w, https:\/\/jumelage.org\/francais\/wp-content\/uploads\/2018\/07\/Saskia-Trombinoscope-204x300.jpg 204w, https:\/\/jumelage.org\/francais\/wp-content\/uploads\/2018\/07\/Saskia-Trombinoscope-600x882.jpg 600w, https:\/\/jumelage.org\/francais\/wp-content\/uploads\/2018\/07\/Saskia-Trombinoscope-230x338.jpg 230w, https:\/\/jumelage.org\/francais\/wp-content\/uploads\/2018\/07\/Saskia-Trombinoscope-350x515.jpg 350w, https:\/\/jumelage.org\/francais\/wp-content\/uploads\/2018\/07\/Saskia-Trombinoscope-480x706.jpg 480w\" sizes=\"(max-width: 368px) 100vw, 368px\" \/><\/a>\u00a0\u00a0\u00a0\u00a0 <a href=\"http:\/\/jumelage.org\/francais\/wp-content\/uploads\/2018\/07\/Saskia-Mairie.jpg\" target=\"_blank\" rel=\"noopener\"><img decoding=\"async\" class=\"alignnone wp-image-10535\" src=\"http:\/\/jumelage.org\/francais\/wp-content\/uploads\/2018\/07\/Saskia-Mairie.jpg\" alt=\"\" width=\"405\" height=\"539\" srcset=\"https:\/\/jumelage.org\/francais\/wp-content\/uploads\/2018\/07\/Saskia-Mairie.jpg 954w, https:\/\/jumelage.org\/francais\/wp-content\/uploads\/2018\/07\/Saskia-Mairie-225x300.jpg 225w, https:\/\/jumelage.org\/francais\/wp-content\/uploads\/2018\/07\/Saskia-Mairie-768x1023.jpg 768w, https:\/\/jumelage.org\/francais\/wp-content\/uploads\/2018\/07\/Saskia-Mairie-769x1024.jpg 769w, https:\/\/jumelage.org\/francais\/wp-content\/uploads\/2018\/07\/Saskia-Mairie-600x799.jpg 600w, https:\/\/jumelage.org\/francais\/wp-content\/uploads\/2018\/07\/Saskia-Mairie-830x1106.jpg 830w, https:\/\/jumelage.org\/francais\/wp-content\/uploads\/2018\/07\/Saskia-Mairie-230x306.jpg 230w, https:\/\/jumelage.org\/francais\/wp-content\/uploads\/2018\/07\/Saskia-Mairie-350x466.jpg 350w, https:\/\/jumelage.org\/francais\/wp-content\/uploads\/2018\/07\/Saskia-Mairie-480x639.jpg 480w\" sizes=\"(max-width: 405px) 100vw, 405px\" \/><\/a><\/p>\n<p style=\"text-align: justify;\"><span style=\"font-size: 14px; color: #008000;\"><em><span style=\"color: #ffffff;\">.\u00a0\u00a0\u00a0\u00a0\u00a0\u00a0\u00a0\u00a0\u00a0\u00a0\u00a0<\/span> Even before I set foot in France, I felt welcomed by the Jumelage association. Annette and Marc were very patient and did everything to help me, even when the logistics got complicated. Once I arrived, I got a very warm welcome from my hosts, the Dumont family. Thanks to Eric, Isabelle, and Albane, I learned what the best French movies are, how to make crepes, and that Brittany was not the same thing as Great Britain. I also loved my internship. I worked in communication with Nathalie Gregoire at the city hall. While helping to translate their city website into English, I learned many things about the history, government, and school system of Saint-Germain-en-Laye. Nathalie also gave me other responsibilities, such as helping the other interns prepare a gift basket of the city\u2019s specialties and make a sign for when the Tour de France will be passing through Saint-Germain-en-Laye. I had so much fun with my coworkers at the city hall. Together, we had a World Cup photoshoot that was published in the Le Parisien newspaper, we picnicked in the castle gardens, we played petanque at the Sports Day Barbeque, and we cheered on the French national team during their soccer games. The first weekend, I had the chance to meet many members of the Jumelage association at the delicious barbeque that Brigitte organized. The next day, Marc Antoine gave us an Americans in Paris themed tour of Paris and showed us his extraordinary website. The next weekend, Val\u00e9rie Brelurus showed us around her work and the old opera neighborhood of Paris. We even got to participate in a World Cup themed activity there. After that, we went to another delicious barbeque, this time hosted by Marc and Sylvie, where I learned about the history of the Jumelage Association and the trips that it organizes. This trip was so wonderful due to the support of Brigitte and R\u00e9gine, who helped me with my Navigo pass and SIM card, walked and drove me around town, and shared their love for Saint-Germain-en-Laye with me. Thank you so much to the Jumelage Association for this great experience!<\/em><\/span><\/p>\n<p style=\"text-align: justify;\"><span style=\"font-size: 14px; color: #008000;\"><em><u>F\u00eate de la musique \u00e0 Saint-Germain-en-Laye<\/u><\/em><\/span><\/p>\n<p style=\"text-align: justify;\"><span style=\"font-size: 14px; color: #008000;\"><em><span style=\"color: #ffffff;\">.\u00a0\u00a0\u00a0\u00a0\u00a0\u00a0\u00a0\u00a0\u00a0\u00a0\u00a0<\/span> The evening of the summer solstice, Anna, Lulu, Amaury, and I went into the city together. We heard the Night of Music before we saw it: jazz, rock, and pop music came from downtown. First, we went to La Clef to see my host mother, Isabelle Dumont, play the drums. She was so good that we couldn't help but dance. Next, we walked around Saint-Germain-en-Laye and its March\u00e9-Neuf square, where we saw a martial arts show and plenty of musicians. I was surprised by not only the number of people that were there, but also by the quality of the music. Finally, we returned to La Clef to listen to a French rap group. It was a super fun night.<\/em><\/span><\/p>\n<\/div>\n<\/div><\/div><\/div><\/div><div id=\"pgc-10539-0-2\"  class=\"panel-grid-cell panel-grid-cell-empty\" ><\/div><\/div><\/div><\/div>","protected":false},"excerpt":{"rendered":"<p>. \u00a0 \u00a0 \u00a0 \u00a0 \u00a0 \u00a0 M\u00eame avant d\u2019\u00eatre venu en France, je me sentait d\u00e9j\u00e0 accueilli par l\u2019Association de jumelage. Annette et Marc [&hellip;]<\/p>\n","protected":false},"author":34,"featured_media":0,"parent":3383,"menu_order":0,"comment_status":"closed","ping_status":"closed","template":"page-templates\/page_fullwidth.php","meta":{"two_page_speed":[],"footnotes":""},"class_list":["post-10539","page","type-page","status-publish","hentry"],"yoast_head":"<!-- This site is optimized with the Yoast SEO plugin v27.4 - https:\/\/yoast.com\/product\/yoast-seo-wordpress\/ -->\n<title>Echange culturel 2018 - Saskia Jumelage<\/title>\n<meta name=\"robots\" content=\"index, follow, max-snippet:-1, max-image-preview:large, max-video-preview:-1\" \/>\n<link rel=\"canonical\" href=\"http:\/\/jumelage.org\/francais\/echanges-culturels\/stage-2018-saskia\/\" \/>\n<meta property=\"og:locale\" content=\"fr_FR\" \/>\n<meta property=\"og:type\" content=\"article\" \/>\n<meta property=\"og:title\" content=\"Echange culturel 2018 - Saskia Jumelage\" \/>\n<meta property=\"og:description\" content=\". \u00a0 \u00a0 \u00a0 \u00a0 \u00a0 \u00a0 M\u00eame avant d\u2019\u00eatre venu en France, je me sentait d\u00e9j\u00e0 accueilli par l\u2019Association de jumelage. Annette et Marc [&hellip;]\" \/>\n<meta property=\"og:url\" content=\"http:\/\/jumelage.org\/francais\/echanges-culturels\/stage-2018-saskia\/\" \/>\n<meta property=\"og:site_name\" content=\"Jumelage\" \/>\n<meta property=\"article:publisher\" content=\"http:\/\/www.facebook.com\/jumelagew.sgl\/\" \/>\n<meta property=\"article:modified_time\" content=\"2019-09-05T09:20:42+00:00\" \/>\n<meta property=\"og:image\" content=\"http:\/\/jumelage.org\/francais\/wp-content\/uploads\/2018\/07\/Saskia-Dumont-Famille-e1531331187418.jpg\" \/>\n<meta name=\"twitter:card\" content=\"summary_large_image\" \/>\n<meta name=\"twitter:label1\" content=\"Dur\u00e9e de lecture estim\u00e9e\" \/>\n\t<meta name=\"twitter:data1\" content=\"5 minutes\" \/>\n<script type=\"application\/ld+json\" class=\"yoast-schema-graph\">{\"@context\":\"https:\\\/\\\/schema.org\",\"@graph\":[{\"@type\":\"WebPage\",\"@id\":\"http:\\\/\\\/jumelage.org\\\/francais\\\/echanges-culturels\\\/stage-2018-saskia\\\/\",\"url\":\"http:\\\/\\\/jumelage.org\\\/francais\\\/echanges-culturels\\\/stage-2018-saskia\\\/\",\"name\":\"Echange culturel 2018 - Saskia Jumelage\",\"isPartOf\":{\"@id\":\"https:\\\/\\\/jumelage.org\\\/francais\\\/#website\"},\"primaryImageOfPage\":{\"@id\":\"http:\\\/\\\/jumelage.org\\\/francais\\\/echanges-culturels\\\/stage-2018-saskia\\\/#primaryimage\"},\"image\":{\"@id\":\"http:\\\/\\\/jumelage.org\\\/francais\\\/echanges-culturels\\\/stage-2018-saskia\\\/#primaryimage\"},\"thumbnailUrl\":\"http:\\\/\\\/jumelage.org\\\/francais\\\/wp-content\\\/uploads\\\/2018\\\/07\\\/Saskia-Dumont-Famille-e1531331187418.jpg\",\"datePublished\":\"2018-07-11T17:56:14+00:00\",\"dateModified\":\"2019-09-05T09:20:42+00:00\",\"breadcrumb\":{\"@id\":\"http:\\\/\\\/jumelage.org\\\/francais\\\/echanges-culturels\\\/stage-2018-saskia\\\/#breadcrumb\"},\"inLanguage\":\"fr-FR\",\"potentialAction\":[{\"@type\":\"ReadAction\",\"target\":[\"http:\\\/\\\/jumelage.org\\\/francais\\\/echanges-culturels\\\/stage-2018-saskia\\\/\"]}]},{\"@type\":\"ImageObject\",\"inLanguage\":\"fr-FR\",\"@id\":\"http:\\\/\\\/jumelage.org\\\/francais\\\/echanges-culturels\\\/stage-2018-saskia\\\/#primaryimage\",\"url\":\"http:\\\/\\\/jumelage.org\\\/francais\\\/wp-content\\\/uploads\\\/2018\\\/07\\\/Saskia-Dumont-Famille-e1531331187418.jpg\",\"contentUrl\":\"http:\\\/\\\/jumelage.org\\\/francais\\\/wp-content\\\/uploads\\\/2018\\\/07\\\/Saskia-Dumont-Famille-e1531331187418.jpg\"},{\"@type\":\"BreadcrumbList\",\"@id\":\"http:\\\/\\\/jumelage.org\\\/francais\\\/echanges-culturels\\\/stage-2018-saskia\\\/#breadcrumb\",\"itemListElement\":[{\"@type\":\"ListItem\",\"position\":1,\"name\":\"Accueil\",\"item\":\"https:\\\/\\\/jumelage.org\\\/francais\\\/\"},{\"@type\":\"ListItem\",\"position\":2,\"name\":\"Echanges culturels\",\"item\":\"https:\\\/\\\/jumelage.org\\\/francais\\\/echanges-culturels\\\/\"},{\"@type\":\"ListItem\",\"position\":3,\"name\":\"Echange culturel 2018 &#8211; Saskia\"}]},{\"@type\":\"WebSite\",\"@id\":\"https:\\\/\\\/jumelage.org\\\/francais\\\/#website\",\"url\":\"https:\\\/\\\/jumelage.org\\\/francais\\\/\",\"name\":\"Jumelage\",\"description\":\"Saint-Germain-en-Laye &amp; Winchester (MA)\",\"potentialAction\":[{\"@type\":\"SearchAction\",\"target\":{\"@type\":\"EntryPoint\",\"urlTemplate\":\"https:\\\/\\\/jumelage.org\\\/francais\\\/?s={search_term_string}\"},\"query-input\":{\"@type\":\"PropertyValueSpecification\",\"valueRequired\":true,\"valueName\":\"search_term_string\"}}],\"inLanguage\":\"fr-FR\"}]}<\/script>\n<!-- \/ Yoast SEO plugin. -->","yoast_head_json":{"title":"Echange culturel 2018 - Saskia Jumelage","robots":{"index":"index","follow":"follow","max-snippet":"max-snippet:-1","max-image-preview":"max-image-preview:large","max-video-preview":"max-video-preview:-1"},"canonical":"http:\/\/jumelage.org\/francais\/echanges-culturels\/stage-2018-saskia\/","og_locale":"fr_FR","og_type":"article","og_title":"Echange culturel 2018 - Saskia Jumelage","og_description":". \u00a0 \u00a0 \u00a0 \u00a0 \u00a0 \u00a0 M\u00eame avant d\u2019\u00eatre venu en France, je me sentait d\u00e9j\u00e0 accueilli par l\u2019Association de jumelage. Annette et Marc [&hellip;]","og_url":"http:\/\/jumelage.org\/francais\/echanges-culturels\/stage-2018-saskia\/","og_site_name":"Jumelage","article_publisher":"http:\/\/www.facebook.com\/jumelagew.sgl\/","article_modified_time":"2019-09-05T09:20:42+00:00","og_image":[{"url":"http:\/\/jumelage.org\/francais\/wp-content\/uploads\/2018\/07\/Saskia-Dumont-Famille-e1531331187418.jpg","type":"","width":"","height":""}],"twitter_card":"summary_large_image","twitter_misc":{"Dur\u00e9e de lecture estim\u00e9e":"5 minutes"},"schema":{"@context":"https:\/\/schema.org","@graph":[{"@type":"WebPage","@id":"http:\/\/jumelage.org\/francais\/echanges-culturels\/stage-2018-saskia\/","url":"http:\/\/jumelage.org\/francais\/echanges-culturels\/stage-2018-saskia\/","name":"Echange culturel 2018 - Saskia Jumelage","isPartOf":{"@id":"https:\/\/jumelage.org\/francais\/#website"},"primaryImageOfPage":{"@id":"http:\/\/jumelage.org\/francais\/echanges-culturels\/stage-2018-saskia\/#primaryimage"},"image":{"@id":"http:\/\/jumelage.org\/francais\/echanges-culturels\/stage-2018-saskia\/#primaryimage"},"thumbnailUrl":"http:\/\/jumelage.org\/francais\/wp-content\/uploads\/2018\/07\/Saskia-Dumont-Famille-e1531331187418.jpg","datePublished":"2018-07-11T17:56:14+00:00","dateModified":"2019-09-05T09:20:42+00:00","breadcrumb":{"@id":"http:\/\/jumelage.org\/francais\/echanges-culturels\/stage-2018-saskia\/#breadcrumb"},"inLanguage":"fr-FR","potentialAction":[{"@type":"ReadAction","target":["http:\/\/jumelage.org\/francais\/echanges-culturels\/stage-2018-saskia\/"]}]},{"@type":"ImageObject","inLanguage":"fr-FR","@id":"http:\/\/jumelage.org\/francais\/echanges-culturels\/stage-2018-saskia\/#primaryimage","url":"http:\/\/jumelage.org\/francais\/wp-content\/uploads\/2018\/07\/Saskia-Dumont-Famille-e1531331187418.jpg","contentUrl":"http:\/\/jumelage.org\/francais\/wp-content\/uploads\/2018\/07\/Saskia-Dumont-Famille-e1531331187418.jpg"},{"@type":"BreadcrumbList","@id":"http:\/\/jumelage.org\/francais\/echanges-culturels\/stage-2018-saskia\/#breadcrumb","itemListElement":[{"@type":"ListItem","position":1,"name":"Accueil","item":"https:\/\/jumelage.org\/francais\/"},{"@type":"ListItem","position":2,"name":"Echanges culturels","item":"https:\/\/jumelage.org\/francais\/echanges-culturels\/"},{"@type":"ListItem","position":3,"name":"Echange culturel 2018 &#8211; Saskia"}]},{"@type":"WebSite","@id":"https:\/\/jumelage.org\/francais\/#website","url":"https:\/\/jumelage.org\/francais\/","name":"Jumelage","description":"Saint-Germain-en-Laye &amp; Winchester (MA)","potentialAction":[{"@type":"SearchAction","target":{"@type":"EntryPoint","urlTemplate":"https:\/\/jumelage.org\/francais\/?s={search_term_string}"},"query-input":{"@type":"PropertyValueSpecification","valueRequired":true,"valueName":"search_term_string"}}],"inLanguage":"fr-FR"}]}},"_links":{"self":[{"href":"http:\/\/jumelage.org\/francais\/wp-json\/wp\/v2\/pages\/10539","targetHints":{"allow":["GET"]}}],"collection":[{"href":"http:\/\/jumelage.org\/francais\/wp-json\/wp\/v2\/pages"}],"about":[{"href":"http:\/\/jumelage.org\/francais\/wp-json\/wp\/v2\/types\/page"}],"author":[{"embeddable":true,"href":"http:\/\/jumelage.org\/francais\/wp-json\/wp\/v2\/users\/34"}],"replies":[{"embeddable":true,"href":"http:\/\/jumelage.org\/francais\/wp-json\/wp\/v2\/comments?post=10539"}],"version-history":[{"count":0,"href":"http:\/\/jumelage.org\/francais\/wp-json\/wp\/v2\/pages\/10539\/revisions"}],"up":[{"embeddable":true,"href":"http:\/\/jumelage.org\/francais\/wp-json\/wp\/v2\/pages\/3383"}],"wp:attachment":[{"href":"http:\/\/jumelage.org\/francais\/wp-json\/wp\/v2\/media?parent=10539"}],"curies":[{"name":"wp","href":"https:\/\/api.w.org\/{rel}","templated":true}]}}